{"id":3912,"date":"2026-02-25T18:54:45","date_gmt":"2026-02-25T17:54:45","guid":{"rendered":"https:\/\/boutique.graines-sabau.fr\/?post_type=product&#038;p=3912"},"modified":"2026-03-26T21:19:54","modified_gmt":"2026-03-26T20:19:54","slug":"laitue-batavia-rouge-grenobloise","status":"publish","type":"product","link":"https:\/\/www.graines-sabau.fr\/index.php\/produit\/laitue-batavia-rouge-grenobloise\/","title":{"rendered":"Laitue Batavia rouge &#8211; GRENOBLOISE"},"content":{"rendered":"","protected":false},"excerpt":{"rendered":"<p>La <strong data-start=\"44\" data-end=\"67\">Batavia Grenobloise<\/strong> s\u00e9duit les mara\u00eechers semi-professionnels par sa pomme volumineuse, croquante et bien serr\u00e9e, id\u00e9ale pour la vente en frais.<br data-start=\"192\" data-end=\"195\" \/>Vari\u00e9t\u00e9 vigoureuse et tol\u00e9rante \u00e0 la chaleur, elle r\u00e9siste bien \u00e0 la mont\u00e9e en graines et assure une production r\u00e9guli\u00e8re.<br data-start=\"317\" data-end=\"320\" \/><strong data-start=\"320\" data-end=\"339\">Semis sous abri<\/strong> : de f\u00e9vrier \u00e0 avril pour des r\u00e9coltes de printemps.<br data-start=\"392\" data-end=\"395\" \/><strong data-start=\"395\" data-end=\"419\">Semis en plein champ<\/strong> : de mars \u00e0 juillet pour des r\u00e9coltes \u00e9chelonn\u00e9es de mai \u00e0 septembre.<\/p>\n<p>Quantit\u00e9s plus importantes disponibles sur devis.<\/p>\n","protected":false},"featured_media":3913,"template":"","meta":[],"product_brand":[],"product_cat":[177],"product_tag":[],"class_list":{"0":"post-3912","1":"product","2":"type-product","3":"status-publish","4":"has-post-thumbnail","6":"product_cat-laitue-batavia-2","8":"first","9":"instock","10":"taxable","11":"shipping-taxable","12":"purchasable","13":"product-type-variable"},"_links":{"self":[{"href":"https:\/\/www.graines-sabau.fr\/index.php\/wp-json\/wp\/v2\/product\/3912","targetHints":{"allow":["GET"]}}],"collection":[{"href":"https:\/\/www.graines-sabau.fr\/index.php\/wp-json\/wp\/v2\/product"}],"about":[{"href":"https:\/\/www.graines-sabau.fr\/index.php\/wp-json\/wp\/v2\/types\/product"}],"wp:featuredmedia":[{"embeddable":true,"href":"https:\/\/www.graines-sabau.fr\/index.php\/wp-json\/wp\/v2\/media\/3913"}],"wp:attachment":[{"href":"https:\/\/www.graines-sabau.fr\/index.php\/wp-json\/wp\/v2\/media?parent=3912"}],"wp:term":[{"taxonomy":"product_brand","embeddable":true,"href":"https:\/\/www.graines-sabau.fr\/index.php\/wp-json\/wp\/v2\/product_brand?post=3912"},{"taxonomy":"product_cat","embeddable":true,"href":"https:\/\/www.graines-sabau.fr\/index.php\/wp-json\/wp\/v2\/product_cat?post=3912"},{"taxonomy":"product_tag","embeddable":true,"href":"https:\/\/www.graines-sabau.fr\/index.php\/wp-json\/wp\/v2\/product_tag?post=3912"}],"curies":[{"name":"wp","href":"https:\/\/api.w.org\/{rel}","templated":true}]}}