{"id":4110,"date":"2026-03-28T10:05:20","date_gmt":"2026-03-28T09:05:20","guid":{"rendered":"https:\/\/www.graines-sabau.fr\/?post_type=product&#038;p=4110"},"modified":"2026-03-28T10:37:29","modified_gmt":"2026-03-28T09:37:29","slug":"filet-de-protection-tres-solide-en-5-metres-de-large","status":"publish","type":"product","link":"https:\/\/www.graines-sabau.fr\/index.php\/produit\/filet-de-protection-tres-solide-en-5-metres-de-large\/","title":{"rendered":"Filet de protection tr\u00e8s solide en 5 m\u00e8tres de large."},"content":{"rendered":"","protected":false},"excerpt":{"rendered":"<p>Contre les lapins oiseaux, faisans &#8230; , mailles de 20\/20 mm, il peut servir \u00e0 r\u00e9aliser des voli\u00e8res, des poulaillers ou des protections pour les chats.<\/p>\n<p>il r\u00e9siste 8 \u00e0 10 ans<\/p>\n<p><strong><em>La quantit\u00e9 indique le nombre de m\u00e8tre d\u00e9sir\u00e9.<\/em><\/strong><\/p>\n","protected":false},"featured_media":4119,"template":"","meta":[],"product_brand":[],"product_cat":[335],"product_tag":[],"class_list":{"0":"post-4110","1":"product","2":"type-product","3":"status-publish","4":"has-post-thumbnail","6":"product_cat-accessoires","8":"first","9":"instock","10":"taxable","11":"shipping-taxable","12":"purchasable","13":"product-type-simple"},"_links":{"self":[{"href":"https:\/\/www.graines-sabau.fr\/index.php\/wp-json\/wp\/v2\/product\/4110","targetHints":{"allow":["GET"]}}],"collection":[{"href":"https:\/\/www.graines-sabau.fr\/index.php\/wp-json\/wp\/v2\/product"}],"about":[{"href":"https:\/\/www.graines-sabau.fr\/index.php\/wp-json\/wp\/v2\/types\/product"}],"wp:featuredmedia":[{"embeddable":true,"href":"https:\/\/www.graines-sabau.fr\/index.php\/wp-json\/wp\/v2\/media\/4119"}],"wp:attachment":[{"href":"https:\/\/www.graines-sabau.fr\/index.php\/wp-json\/wp\/v2\/media?parent=4110"}],"wp:term":[{"taxonomy":"product_brand","embeddable":true,"href":"https:\/\/www.graines-sabau.fr\/index.php\/wp-json\/wp\/v2\/product_brand?post=4110"},{"taxonomy":"product_cat","embeddable":true,"href":"https:\/\/www.graines-sabau.fr\/index.php\/wp-json\/wp\/v2\/product_cat?post=4110"},{"taxonomy":"product_tag","embeddable":true,"href":"https:\/\/www.graines-sabau.fr\/index.php\/wp-json\/wp\/v2\/product_tag?post=4110"}],"curies":[{"name":"wp","href":"https:\/\/api.w.org\/{rel}","templated":true}]}}