{"id":4111,"date":"2026-03-28T10:14:36","date_gmt":"2026-03-28T09:14:36","guid":{"rendered":"https:\/\/www.graines-sabau.fr\/?post_type=product&#038;p=4111"},"modified":"2026-03-28T10:21:46","modified_gmt":"2026-03-28T09:21:46","slug":"toile-opaque-noire-tissee-permeable-en-210-de-large","status":"publish","type":"product","link":"https:\/\/www.graines-sabau.fr\/index.php\/produit\/toile-opaque-noire-tissee-permeable-en-210-de-large\/","title":{"rendered":"Toile opaque noire tiss\u00e9e perm\u00e9able en 2,10 de large"},"content":{"rendered":"","protected":false},"excerpt":{"rendered":"<p>Couvre sol anti-mauvaises herbes.<\/p>\n<p><strong><em>La quantit\u00e9 indique le nombre de m\u00e8tre d\u00e9sir\u00e9.<\/em><\/strong><\/p>\n","protected":false},"featured_media":4113,"template":"","meta":[],"product_brand":[],"product_cat":[335],"product_tag":[],"class_list":{"0":"post-4111","1":"product","2":"type-product","3":"status-publish","4":"has-post-thumbnail","6":"product_cat-accessoires","8":"first","9":"instock","10":"taxable","11":"shipping-taxable","12":"purchasable","13":"product-type-simple"},"_links":{"self":[{"href":"https:\/\/www.graines-sabau.fr\/index.php\/wp-json\/wp\/v2\/product\/4111","targetHints":{"allow":["GET"]}}],"collection":[{"href":"https:\/\/www.graines-sabau.fr\/index.php\/wp-json\/wp\/v2\/product"}],"about":[{"href":"https:\/\/www.graines-sabau.fr\/index.php\/wp-json\/wp\/v2\/types\/product"}],"wp:featuredmedia":[{"embeddable":true,"href":"https:\/\/www.graines-sabau.fr\/index.php\/wp-json\/wp\/v2\/media\/4113"}],"wp:attachment":[{"href":"https:\/\/www.graines-sabau.fr\/index.php\/wp-json\/wp\/v2\/media?parent=4111"}],"wp:term":[{"taxonomy":"product_brand","embeddable":true,"href":"https:\/\/www.graines-sabau.fr\/index.php\/wp-json\/wp\/v2\/product_brand?post=4111"},{"taxonomy":"product_cat","embeddable":true,"href":"https:\/\/www.graines-sabau.fr\/index.php\/wp-json\/wp\/v2\/product_cat?post=4111"},{"taxonomy":"product_tag","embeddable":true,"href":"https:\/\/www.graines-sabau.fr\/index.php\/wp-json\/wp\/v2\/product_tag?post=4111"}],"curies":[{"name":"wp","href":"https:\/\/api.w.org\/{rel}","templated":true}]}}