{"id":921,"date":"2026-01-10T17:13:26","date_gmt":"2026-01-10T16:13:26","guid":{"rendered":"https:\/\/boutique.graines-sabau.fr\/?post_type=product&#038;p=921"},"modified":"2026-03-25T19:36:47","modified_gmt":"2026-03-25T18:36:47","slug":"carotte-maestro-f1-de-conservation","status":"publish","type":"product","link":"https:\/\/www.graines-sabau.fr\/index.php\/produit\/carotte-maestro-f1-de-conservation\/","title":{"rendered":"Carotte &#8211; MAESTRO F1 (de conservation)"},"content":{"rendered":"","protected":false},"excerpt":{"rendered":"<p>Des carottes lisses et homog\u00e8nes comme des \u00ab\u00a0barreaux de chaises\u00a0\u00bb.<\/p>\n<p>Parmi les vari\u00e9t\u00e9s les plus cultiv\u00e9es en mara\u00eechage pour leur pr\u00e9sentation (semis sous voiles d\u00e8s f\u00e9vrier).<\/p>\n<p>Quantit\u00e9s plus importantes disponibles sur devis.<\/p>\n","protected":false},"featured_media":2979,"template":"","meta":[],"product_brand":[],"product_cat":[141,294],"product_tag":[],"class_list":{"0":"post-921","1":"product","2":"type-product","3":"status-publish","4":"has-post-thumbnail","6":"product_cat-carotte-2","7":"product_cat-notre-selection","9":"first","10":"instock","11":"taxable","12":"shipping-taxable","13":"purchasable","14":"product-type-variable"},"_links":{"self":[{"href":"https:\/\/www.graines-sabau.fr\/index.php\/wp-json\/wp\/v2\/product\/921","targetHints":{"allow":["GET"]}}],"collection":[{"href":"https:\/\/www.graines-sabau.fr\/index.php\/wp-json\/wp\/v2\/product"}],"about":[{"href":"https:\/\/www.graines-sabau.fr\/index.php\/wp-json\/wp\/v2\/types\/product"}],"wp:featuredmedia":[{"embeddable":true,"href":"https:\/\/www.graines-sabau.fr\/index.php\/wp-json\/wp\/v2\/media\/2979"}],"wp:attachment":[{"href":"https:\/\/www.graines-sabau.fr\/index.php\/wp-json\/wp\/v2\/media?parent=921"}],"wp:term":[{"taxonomy":"product_brand","embeddable":true,"href":"https:\/\/www.graines-sabau.fr\/index.php\/wp-json\/wp\/v2\/product_brand?post=921"},{"taxonomy":"product_cat","embeddable":true,"href":"https:\/\/www.graines-sabau.fr\/index.php\/wp-json\/wp\/v2\/product_cat?post=921"},{"taxonomy":"product_tag","embeddable":true,"href":"https:\/\/www.graines-sabau.fr\/index.php\/wp-json\/wp\/v2\/product_tag?post=921"}],"curies":[{"name":"wp","href":"https:\/\/api.w.org\/{rel}","templated":true}]}}